= -57. Let v = -33 + x. What is the tens digit of v?
2
What is the units digit of 528/(-32)*4/(-6)?
1
Let y(k) = 13 + 0*k + 4*k - 5*k. Let u be y(8). Suppose -u*h = 5*a, 5*h - 9 - 7 = -a. What is the units digit of h?
4
Let u(h) = -h**2 + 11*h - 10. Let a be u(9). Let v = a + -7. What is the units digit of v?
1
Let a be 26*1/((-6)/3). What is the tens digit of (-2)/4*2*a?
1
Let a be -3*1/(-3)*11. Let o = -21 + a. What is the units digit of o/45 - (-238)/18?
3
Let j(w) = -5*w + w + 3*w - 5. Let a be j(4). Let t(g) = g**2 + 8*g + 3. What is the tens digit of t(a)?
1
Suppose 4*y = -0*y. Suppose -2*c + 5*c - 27 = y. Suppose 0 = -t - 0*t + c. What is the units digit of t?
9
Let q be (2 + 5/(-2))*-20. Suppose -5*p + 22 = 2*i, -4*p + q + 8 = 2*i. What is the units digit of p?
4
Let o = -6 + 8. Suppose -57 = -5*i - 2*b, o*b = 4*i - 2*b - 40. What is the tens digit of i?
1
Suppose n + 122 = -n. Let f = -27 - n. What is the units digit of f?
4
Suppose i = -0*i + s + 8, 2*s - 5 = -5*i. Suppose 54 = i*n - 27. What is the tens digit of n?
2
Let l(s) = 3*s**2 + 3. What is the tens digit of l(4)?
5
Suppose p + 3*p = 12, 3*g + 2*p - 9 = 0. What is the units digit of -2 + g + 544/17?
1
Let z = 104 + -56. What is the units digit of z?
8
Let l = 37 - 82. Let n = -24 - l. Let v = -15 + n. What is the units digit of v?
6
Suppose 2*s - p = 43, -2*s - 45 = -5*s - 5*p. What is the units digit of s?
0
Let z = 17 + -12. Suppose -p + 3*o + 14 = 4*o, 0 = 5*p - z*o - 90. What is the tens digit of p?
1
Let i(n) = 49*n - 1. What is the tens digit of i(1)?
4
Let r(a) = -a**2 - 22*a - 33. What is the tens digit of r(-16)?
6
Suppose -3*d = 2*n - 49, 5*d + 23 = 2*n + 78. Let i = 9 - 14. Let x = i + d. What is the units digit of x?
8
Suppose -2*w + 2*j + 412 = 0, 9*j - 819 = -4*w + 8*j. What is the units digit of w?
5
Let c = 6 - 3. Let k be c/(-2)*(2 + 0). What is the units digit of (-1 - 0/k) + 2?
1
Let w = 14 - -5. What is the units digit of w?
9
Suppose -4*t - 784 = -0*b - 4*b, 0 = 5*b + t - 998. What is the hundreds digit of b?
1
Let r be 3*3/(4 + -1). Suppose 3*s = -3*j + 3, 4*s - r = 5*s. Suppose -3*i = -j*l + 5 + 4, 0 = 5*i - 2*l + 1. What is the units digit of i?
1
Suppose 0 = n - 5*n + 68. What is the units digit of n?
7
Let o(m) = -m + 1. Let y be o(2). What is the tens digit of y/(3/(-90)) + -3?
2
Suppose 4*s + 5*d = 4, -2*d = -4*s + d - 28. What is the units digit of (-2)/s + 22/4?
6
Let w(y) be the third derivative of y**6/120 - y**5/10 + y**4/4 - 13*y**3/6 - 9*y**2. What is the tens digit of w(6)?
2
Let r = 163 - 106. What is the units digit of r?
7
Let y(f) = -19*f + 31. What is the tens digit of y(-6)?
4
Suppose z = 3 + 5. What is the units digit of z?
8
Suppose -2*o = 3*o. Suppose 0 = -4*t + r - 4*r + 22, t + 5*r + 3 = o. What is the units digit of t?
7
Suppose -4*i - y - y - 8 = 0, 5*i = -4*y - 4. What is the units digit of 2*2/i + 20?
9
Let a be 67/(-2)*(4 - 6). Suppose -3*c + 2*x + 45 = -x, -5*c + a = -3*x. What is the tens digit of c?
1
Let w(u) be the second derivative of -u**4/12 - 11*u**3/6 - 3*u**2/2 + 3*u. What is the units digit of w(-10)?
7
Suppose 8 = -2*w - 0*w. Let b(m) = -4*m. Let j be b(w). Suppose -n = n - j. What is the units digit of n?
8
Suppose -5*o + 2*o = 5*i + 38, 3*i = 3*o + 30. Let t(m) = -m**2 - 10*m + 15. What is the units digit of t(o)?
4
Suppose -12*n + 4*n + 64 = 0. What is the units digit of n?
8
Suppose -2*s + 3 = -27. Let f(k) = k - 11. What is the units digit of f(s)?
4
Let i(l) = l - 1. Let g be 6*1*(2 + -3). Let o be i(g). Let r = 2 - o. What is the units digit of r?
9
What is the tens digit of (-1)/3 + 142/3?
4
Let y(g) = 17*g**2 - 2*g - 4. Let u be y(4). Suppose 5*r - u + 45 = 0. What is the tens digit of r?
4
Suppose 4*i - 2*f - 14 = -f, -5*f - 2 = -3*i. Suppose 2*x = 5*c - 25, 4*x - 6 = -i*c + 6*c. Suppose -4*t + 17 + c = 0. What is the units digit of t?
6
Let s(m) = 3 - 1 + 4 + m. Let h be s(0). Suppose -4 + h = 2*r. What is the units digit of r?
1
Suppose 0 = 2*g - 12 + 2. Let s = g + -4. What is the units digit of s?
1
Let i(n) = n**2 + 3*n - 13. What is the units digit of i(4)?
5
Let c = -143 + 100. Let a = 86 + c. What is the tens digit of a?
4
Suppose 2*i - 3*s - 279 = 6*i, -2*i + 3*s = 153. Let g = -34 - i. Suppose -4*h + g = -0*m + 2*m, -3*m = h - 22. What is the units digit of h?
7
Suppose -245*p + 23 = -244*p. What is the units digit of p?
3
Let a(n) = -n**2 + 7*n - 4. Let b be a(5). Let r(z) = 14*z + b*z - 4*z + 1. What is the units digit of r(1)?
7
Suppose 0 = -4*p + p - 30. Let g = p - -55. Suppose c = n - 9, -2*n + c + g = 2*n. What is the units digit of n?
2
Let y(t) = -t**2 - 6*t - 1. Let j be y(-3). Let h be j + -3 - -2*1. Let l = -5 + h. What is the units digit of l?
2
What is the tens digit of ((-205)/(-25) + -6)/(2/10)?
1
Suppose -d - 6*x + 22 = -3*x, 2*d - 60 = -2*x. What is the units digit of d?
4
Suppose b - 5 = 6*y - y, 2*b = 5*y + 10. Suppose b*c - 5*d = -15 + 70, c - 3*d = 21. What is the units digit of c?
6
Let r = -5 - -5. What is the units digit of r + 0 + -4 + 22?
8
Suppose -5*x = -x + 5*g + 56, -g = -x - 5. Let b be (-1706)/(-10) - x/(-15). What is the tens digit of (2/(-4))/((-5)/b)?
1
Let c(y) = y**2 + 7*y - 4. Suppose -p = -2*p - 8. Let u be c(p). Suppose u*d = 8*d - 16. What is the units digit of d?
4
Suppose 4 = 2*t + 2*l, 3 - 4 = -t - 2*l. What is the units digit of (1 - t)*93/(-6)?
1
Let r be -24*((-15)/9 - -1). Suppose 0 = 2*z + 2*z - r. What is the units digit of z?
4
Let m(v) = 3*v - 6. Let w(k) = 7*k - 13. Let u(l) = -5*m(l) + 2*w(l). What is the units digit of u(-8)?
2
Let r(h) = 25*h**2 + h. Suppose -4 = -0*s - 4*s. What is the tens digit of r(s)?
2
Suppose -8*s + 1211 = -s. What is the hundreds digit of s?
1
What is the hundreds digit of ((-246)/(-8))/((-24)/(-160))?
2
Let b(j) = 2*j + 1. Let u(q) = q**3 + 10*q**2 - q - 3. Let a be u(-10). What is the units digit of b(a)?
5
Let h be 10/15*(-15)/(-2). Suppose 0 = -h*x - u + 38 - 100, -3*x - 5*u - 46 = 0. What is the units digit of ((-4)/x)/(2/54)?
9
Let d(y) = 161*y + 1. Let z be d(1). What is the units digit of z/21 + 2/7?
8
Let d(c) be the second derivative of -2*c**3/3 - c**2 + 5*c. What is the units digit of d(-4)?
4
Suppose 0*f = -5*f. Suppose f*t = -t. Suppose -5*c + 2*c + 33 = t. What is the units digit of c?
1
Let j = -44 - -72. What is the units digit of j?
8
Let a(p) be the second derivative of p**3/6 + 17*p**2/2 - p. What is the units digit of a(-12)?
5
Let g = -15 + 51. What is the tens digit of g?
3
Suppose -5*q + 3 = -2*q. Suppose -3 + q = g. Let z = g - -5. What is the units digit of z?
3
Let b(m) = 31*m + 1 - 12*m + 0 - 4. What is the units digit of b(2)?
5
Let t be (2*-1)/((-6)/9). Suppose -r + t = 2*r. What is the units digit of r?
1
Suppose 3*u = 2*v - 5 - 56, -5*v + 4*u + 149 = 0. What is the tens digit of v?
2
Let u(v) = 3*v**3 + v**2 + 4*v - 5*v - 1 - 4*v**3 + 5. Let q be u(0). Suppose -6 = -2*n + q. What is the units digit of n?
5
Suppose 4*g - 140 = 172. What is the tens digit of g?
7
Let u be 1/((1/2)/1). Let h be (-9)/3 + -1 + 13. Let y = h - u. What is the units digit of y?
7
What is the units digit of 5/((-10)/(-204))*(-1)/(-3)?
4
Suppose 5 = 4*t - 7. Let q(k) = k + 2*k - 4 + 0*k. What is the units digit of q(t)?
5
Let v(l) = -l**3 + l**2 - 3*l - 1. Let x be v(3). Let n = x + 43. What is the units digit of n?
5
Let q(l) = -l**2 - 10*l - 1. Let r be q(-8). Suppose 4*s = 5 + r. Let h = -2 + s. What is the units digit of h?
3
Suppose 3*f + 121 = 4*x - 2*x, 3*x = 3*f + 180. Suppose 0 = -2*y - 10, -x = -4*i - y + 4. What is the tens digit of i?
1
Let o be (170/(-6))/(3/(-18)). Let m = o + -121. What is the tens digit of m?
4
Let z(t) = -t + 25. Let f be z(13). What is the units digit of (-26)/(-4) + (-6)/f?
6
Suppose 0 = 5*c - 792 - 403. What is the hundreds digit of c?
2
Let u(l) = -l + 1. Let z(y) be the second derivative of -y**3/6 + y**2/2 - y. Let h(q) = 7*u(q) - 6*z(q). What is the units digit of h(-2)?
3
Let c(s) = s**3 - 5*s**2 + 2*s + 3. What is the units digit of c(6)?
1
Suppose 3*o - m = 10, 5*o = 2*m - 6*m + 11. Suppose 5*p - g = o, -5*p - 2*g + 9 = -0*g. Let q(r) = 2*r. What is the units digit of q(p)?
2
Suppose 3*l - 5 = -4*i, -5*i + 4*l - 2*l = -35. Suppose 3 + 27 = i*t. What is the un